emainder when 7243232 is divided by 189?
185
Calculate the remainder when 535391 is divided by 535211.
180
Calculate the remainder when 167060 is divided by 853.
725
Calculate the remainder when 91811 is divided by 3024.
1091
What is the remainder when 3259715 is divided by 9644?
43
Calculate the remainder when 1265974072 is divided by 9.
7
What is the remainder when 2134875 is divided by 572?
171
Calculate the remainder when 93925 is divided by 11872.
10821
What is the remainder when 6947677 is divided by 1157921?
151
What is the remainder when 31968 is divided by 1904?
1504
Calculate the remainder when 2935338 is divided by 60.
18
Calculate the remainder when 87708 is divided by 15633.
9543
What is the remainder when 27447827 is divided by 200349?
14
Calculate the remainder when 4957954 is divided by 1419.
1387
What is the remainder when 542961 is divided by 644?
69
What is the remainder when 40365830 is divided by 79?
69
Calculate the remainder when 5544377 is divided by 23492.
265
What is the remainder when 474449 is divided by 18?
5
What is the remainder when 282243 is divided by 2767?
9
What is the remainder when 276480 is divided by 3630?
600
Calculate the remainder when 1247655 is divided by 3073.
17
What is the remainder when 333871 is divided by 166908?
55
Calculate the remainder when 73115604 is divided by 11.
1
Calculate the remainder when 442379 is divided by 5898.
29
What is the remainder when 966191 is divided by 241545?
11
Calculate the remainder when 35846911 is divided by 5071.
12
What is the remainder when 8283305 is divided by 1403?
1396
Calculate the remainder when 4084740 is divided by 1361440.
420
Calculate the remainder when 5844323 is divided by 44.
23
What is the remainder when 66592 is divided by 186?
4
Calculate the remainder when 74698 is divided by 14633.
1533
Calculate the remainder when 17345318 is divided by 256.
38
What is the remainder when 19780 is divided by 19677?
103
What is the remainder when 113363 is divided by 37787?
2
What is the remainder when 17136523 is divided by 17522?
7
Calculate the remainder when 45641 is divided by 597.
269
What is the remainder when 4241249 is divided by 2903?
2869
Calculate the remainder when 41710 is divided by 20822.
66
Calculate the remainder when 352751 is divided by 912.
719
What is the remainder when 9596399 is divided by 161?
155
What is the remainder when 7660792 is divided by 316?
4
What is the remainder when 1089889 is divided by 158?
5
Calculate the remainder when 9600992 is divided by 39.
11
Calculate the remainder when 8045985 is divided by 1135.
1105
Calculate the remainder when 15710563 is divided by 92.
91
Calculate the remainder when 27593 is divided by 104.
33
What is the remainder when 118878141 is divided by 12?
9
What is the remainder when 40157908 is divided by 85?
83
What is the remainder when 42957 is divided by 2383?
63
What is the remainder when 2291472 is divided by 3936?
720
Calculate the remainder when 819881 is divided by 815.
806
What is the remainder when 6349 is divided by 5286?
1063
Calculate the remainder when 308127868 is divided by 15.
13
What is the remainder when 18758444 is divided by 6252812?
8
Calculate the remainder when 11841609 is divided by 11841588.
21
What is the remainder when 2612589 is divided by 39?
18
What is the remainder when 204963 is divided by 9315?
33
What is the remainder when 1919088 is divided by 370?
268
What is the remainder when 2889042 is divided by 145?
62
Calculate the remainder when 1417620 is divided by 157512.
12
What is the remainder when 363884 is divided by 23561?
10469
Calculate the remainder when 31006 is divided by 7680.
286
What is the remainder when 4344061 is divided by 79?
9
Calculate the remainder when 19198201 is divided by 1919819.
11
What is the remainder when 250394549 is divided by 83464842?
23
What is the remainder when 4593018 is divided by 28006?
34
What is the remainder when 138792 is divided by 408?
72
What is the remainder when 177757002 is divided by 6?
0
Calculate the remainder when 62684 is divided by 104.
76
What is the remainder when 5423448 is divided by 73?
59
Calculate the remainder when 197432 is divided by 585.
287
What is the remainder when 117893 is divided by 58818?
257
Calculate the remainder when 22609488 is divided by 179.
177
What is the remainder when 225806 is divided by 225704?
102
What is the remainder when 55618 is divided by 2924?
62
Calculate the remainder when 191033 is divided by 444.
113
What is the remainder when 16505234 is divided by 187?
53
What is the remainder when 61449 is divided by 735?
444
What is the remainder when 20037176 is divided by 41399?
60
What is the remainder when 143054872 is divided by 110?
92
Calculate the remainder when 625268 is divided by 22317.
392
Calculate the remainder when 64132 is divided by 31544.
1044
Calculate the remainder when 16165897 is divided by 435.
427
Calculate the remainder when 5072901 is divided by 14.
1
Calculate the remainder when 2995592 is divided by 998527.
11
Calculate the remainder when 4822826 is divided by 622.
460
Calculate the remainder when 6048546 is divided by 963.
906
Calculate the remainder when 18727 is divided by 11470.
7257
Calculate the remainder when 12220424 is divided by 125983.
73
What is the remainder when 43906870 is divided by 487854?
10
Calculate the remainder when 675967 is divided by 5729.
5674
Calculate the remainder when 233147 is divided by 1715.
1622
Calculate the remainder when 53447567 is divided by 91.
82
What is the remainder when 881621 is divided by 881492?
129
Calculate the remainder when 18304 is divided by 30.
4
What is the remainder when 1061607 is divided by 24688?
23
What is the remainder when 12013300 is divided by 17?
12
What is the remainder when 4756955 is divided by 594619?
3
What is the remainder when 248219 is divided by 194?
93
Calculate the remainder when 1040995 is divided by 3470.
3465
What is the remainder when 603704 is divided by 58?
40
What is the remainder when 1095552 is divided by 57?
12
Calculate the remainder when 2706398 is divided by 406.
2
What is the remainder when 8554029 is divided by 6626?
6489
Calculate the remainder when 263535 is divided by 131741.
53
What is the remainder when 782389 is divided by 159?
109
What is the remainder when 1432012 is divided by 398?
8
Calculate the remainder when 171622 is divided by 10690.
582
Calculate the remainder when 281010472 is divided by 22964.
4
Calculate the remainder when 980007 is divided by 149.
34
Calculate the remainder when 19922255 is divided by 7005.
35
What is the remainder when 2264524 is divided by 1659?
1648
Calculate the remainder when 187104 is divided by 391.
206
Calculate the remainder when 10903848 is divided by 838757.
7
Calculate the remainder when 8699638 is divided by 2899837.
127
Calculate the remainder when 253610102 is divided by 8255.
8247
Calculate the remainder when 4805261 is divided by 155008.
13
Calculate the remainder when 26661226 is divided by 8887053.
67
What is the remainder when 41913 is divided by 3788?
245
Calculate the remainder when 610688173 is divided by 15.
13
What is the remainder when 407881139 is divided by 15?
14
Calculate the remainder when 10034285 is divided by 121.
118
Calculate the remainder when 735842301 is divided by 6.
3
Calculate the remainder when 783662 is divided by 52.
22
What is the remainder when 30316 is divided by 4851?
1210
What is the remainder when 1739516 is divided by 12250?
16
What is the remainder when 2121049 is divided by 20?
9
What is the remainder when 32632199 is divided by 8?
7
Calculate the remainder when 3206877 is divided by 11098.
10653
What is the remainder when 5142458 is divided by 251?
221
Calculate the remainder when 22885499 is divided by 292.
291
Calculate the remainder when 291965 is divided by 554.
7
Calculate the remainder when 44406 is divided by 1517.
413
Calculate the remainder when 239247 is divided by 239188.
59
Calculate the remainder when 22890055 is divided by 19.
14
What is the remainder when 48033 is divided by 17?
8
Calculate the remainder when 16595 is divided by 315.
215
What is the remainder when 10605 is divided by 10036?
569
Calculate the remainder when 822221 is divided by 54803.
176